on divisor of 13 and d?
13
Let j(a) = a + 7. Let t be j(-9). Let k = 0 + t. Let z be (-1)/k - 104/(-16). What is the highest common factor of 56 and z?
7
Suppose 3*o - 2*f - 12 = 0, 0 = f + 4*f + 15. Let q be (27/o)/(7/14). Calculate the greatest common factor of 27 and q.
27
Let q be 806/18 - (-10)/45. Let y = 64 - q. Let u = 117 - 22. What is the greatest common divisor of u and y?
19
Let h = 93 - 65. Calculate the greatest common divisor of 42 and h.
14
Let j(m) = 24*m + 2. Let u be j(1). Suppose -6*q = -q - 1025. Let h = q - -29. What is the greatest common factor of h and u?
26
Let u(o) = o**2 - 3*o + 24. Let h be u(8). Let p = 97 - h. Calculate the greatest common factor of 22 and p.
11
Let t = 975 - 546. Calculate the highest common factor of 33 and t.
33
Let u(i) = 3*i**2 - 40*i + 105. Let q be u(13). Calculate the greatest common divisor of q and 414.
46
Let c = -4 + 6. Suppose -c*w + 10 = 3*w. Let i(n) = 12*n - 5. Let j be i(w). Calculate the highest common factor of 76 and j.
19
Let g = 9 - -1. Suppose -5*s - 2 + 0 = -r, -4*s = -2*r + g. Calculate the greatest common factor of r and 49.
7
Let m(z) = 30*z + 1. Let l be m(1). Let r = l - 25. What is the greatest common factor of 18 and r?
6
Suppose -28 = -263*q + 261*q. Calculate the greatest common factor of 308 and q.
14
Suppose 0 = -5*i - 4*y + 81, 36*i = 39*i + y - 43. Suppose -3*r + 235 = -2*s - 186, 580 = 4*r + 2*s. What is the highest common divisor of r and i?
13
Let s = 375 - 360. Calculate the highest common divisor of 85 and s.
5
Let b(p) = -p**3 + 3*p + 357. Let g be b(0). Calculate the highest common factor of g and 102.
51
Let t(r) = -3*r - 3. Suppose 4*x + 5*o + 41 = 0, -3*x + 2*o + 3*o = 57. Let m = x + 11. Let v be t(m). Calculate the greatest common factor of 12 and v.
6
Let z(h) = h**2 + 18*h + 13. Let r be z(-17). Let m be (1 - (r - -3)) + 0. Let i be (3 - m)*1*42. Calculate the greatest common divisor of i and 6.
6
Let r be ((-2)/(-6))/(13/7410). Calculate the greatest common divisor of 418 and r.
38
Let t = -5 + 10. Suppose -t*n = 2*n - 105. What is the greatest common divisor of 30 and n?
15
Let k be 4/6 + 2/(-3). Suppose 3*w + k*p = -2*p + 128, -156 = -4*w + p. Let f(v) = -4*v - 4. Let b be f(-3). What is the highest common divisor of w and b?
8
Let m = 348 - 300. What is the greatest common divisor of m and 80?
16
Suppose 235*k = 232*k + 1134. Calculate the greatest common factor of k and 14.
14
Let n be 23*2/4*-2. Let a = 34 - 65. Let v = n - a. Calculate the highest common divisor of 12 and v.
4
Suppose n = -5*k + 6, -4*n - 7 = -2*k + 13. Let v = -15 - -31. What is the greatest common divisor of k and v?
2
Suppose 2*n + 3*n + 5*p - 55 = 0, 5*n = 3*p + 63. Let a be 1*(-4)/(-4) - -5. Let k be (a + -8)*6/(-4). What is the highest common factor of n and k?
3
Let n = -6 + 8. Let c be (n/4)/((-8)/(-1312)). Suppose 44 = p + 2*q, -2*p + 0*p = -2*q - c. Calculate the highest common factor of 63 and p.
21
Let m be 8/28 - (-136)/14. Suppose 0 = k - 3*j - 49, -k + 39 = 3*j - j. Let i = -23 + k. What is the highest common factor of m and i?
10
Suppose -h = -0*h - 5. Suppose v + 1 = h. Suppose -v*o + 411 + 37 = 0. Calculate the highest common divisor of 14 and o.
14
Let b = 28 + -23. Suppose 3*l - b*p - 457 = 0, -l + 2*p - 134 = -2*l. What is the highest common divisor of 36 and l?
36
Let a be 4/2 - (4 - 2)*-6. Let g = 47 - 33. Let s = -12 + g. Calculate the highest common factor of s and a.
2
Let r = 9 - 5. Let x be 3 + 5*2/(-2). Let d = x + 8. What is the greatest common divisor of r and d?
2
Let y(k) = -2*k - 6 + 3 + 2 - 23*k**3. Suppose 1 = -3*z - x, z - 2*z + 9 = 5*x. Let s be y(z). Calculate the highest common divisor of s and 16.
8
Let b(r) = -r**2 - 10*r - 1. Let w(g) = -g - 4. Let i be w(4). Let q be b(i). Let n = 45 - q. Calculate the highest common divisor of n and 3.
3
Let x(w) = -w**3 - 6*w**2 - 15*w + 11. Let y be x(-8). What is the greatest common divisor of y and 74?
37
Suppose -4*w = 4*q - 44, -16*q = 4*w - 13*q - 41. Suppose 2*i - 5*s - w = -s, 25 = 4*i - 5*s. Calculate the greatest common factor of 80 and i.
10
Let v(z) = z + 15. Suppose 6*w + 33 = 3*w. Let o be v(w). What is the highest common divisor of 10 and o?
2
Let r(x) = 2*x**3 - 6*x**2 - 15*x + 2. Let b be r(6). What is the highest common factor of 448 and b?
64
Let c(n) = -n**3 - 15*n**2 - 38*n - 13. Let d be c(-12). Let b(g) = -1 - 12 + 4*g + 0. Let j be b(d). Calculate the greatest common divisor of j and 279.
31
Suppose 4193 - 8443 = -10*i. Calculate the greatest common divisor of 25 and i.
25
Let f = -291 + 305. Let c(v) = v**3 + 10*v**2 + v - 8. Let k be c(-6). Let u be k/14 + (-4)/f. What is the highest common divisor of 99 and u?
9
Let g = -4 + 6. Let h be ((-10)/4)/(-3 - (-10)/4). Suppose -4*u + v = -84, -h*u - 5*v = -u - 108. Calculate the highest common divisor of u and g.
2
Let z(x) = x + 2. Let u be z(0). Let g be -3 - (-4)/1*u. Suppose -y - 3*y = -180. What is the greatest common divisor of y and g?
5
Suppose 44 = 2*w - 4*v, -8*v = -2*w - 12*v + 60. What is the highest common factor of w and 26?
26
Let w = -29 - -25. Let z be 0 - (w - -31) - 1. Let c = z + 37. Calculate the highest common factor of 45 and c.
9
Suppose s - 3 - 1 = 0. Let b(h) = -2*h**3 + 36*h + 98. Let l be b(-3). Calculate the greatest common divisor of l and s.
4
Let j be 38/(-12)*1374/(-229). Suppose -5 - 219 = -2*u. Let r = 245 - u. Calculate the highest common factor of r and j.
19
Suppose a - 10 = -2*x, -3*a + 2*x = -6*a + 14. Let j = -228 + 230. Calculate the highest common divisor of a and j.
2
Suppose -132 = -8*f - 12. What is the greatest common factor of 65 and f?
5
Suppose 0 = 9*n + 8*n - 612. What is the greatest common factor of 3 and n?
3
Let g be (-672)/(-35) - 2/10. What is the greatest common factor of g and 513?
19
Suppose 43*q = 1857 + 5109. Calculate the greatest common factor of q and 36.
18
Let x(v) = v + 20. Suppose 0 = -2*s + 4*s + 16. Let t be x(s). What is the highest common factor of 12 and t?
12
Let t = -259 - -275. Calculate the highest common divisor of 24 and t.
8
Suppose 446*l = 445*l + 3. What is the highest common divisor of l and 2?
1
Let t be 4/6*(-36)/(-8). Let x be (2/t)/(-1) + 50/3. Suppose -2*v + 23 = -169. What is the highest common factor of v and x?
16
Let o(f) = 5*f - 5. Suppose -2*n - 14 = -2*z, 6*z + 3*n = 2*z. Let s be ((-1)/1)/((-1)/z). Let y be o(s). Calculate the greatest common factor of 10 and y.
10
Suppose 3*t + 2*t - 20 = 0, 4*t = m + 7. What is the highest common divisor of m and 99?
9
Suppose 2*m = 201 - 61. Let i be (-7)/m*-2 - (-14)/5. What is the greatest common factor of 27 and i?
3
Let k be 78/12 + (-2)/(-4). Let o be (-1 - 0)/(4 - (-55)/(-11)). What is the greatest common divisor of o and k?
1
Suppose -144 = -16*j + 16. What is the highest common divisor of 35 and j?
5
Suppose -4*v + 232 = 2*k, -2 - 2 = -k. What is the greatest common divisor of v and 18?
2
Suppose 27*u + 13*u = 160. Suppose -24 = -4*o - 0*o. Calculate the greatest common divisor of u and o.
2
Let c be (1 - 0)*2*1. Let h be c - (2 - (1 + 2)). Let r be h/(-6) - (-155)/2. Calculate the highest common factor of 11 and r.
11
Let d = -554 - -798. Suppose -o = 1208 - d. Let u be (-4)/16 + o/(-16). Calculate the greatest common divisor of 24 and u.
12
Let t be 12/((-8)/(-3) - 18/27). Suppose 2*u - t*u + 4*n = -36, -4*n = u - 24. Let c = 21 - -63. Calculate the highest common factor of c and u.
12
Suppose -12*s + 2*g = -8*s - 76, -4*s - 2*g = -92. Calculate the greatest common divisor of 77 and s.
7
Suppose p - 2*p = 4*r - 842, 4*p + 4*r = 3320. Calculate the highest common divisor of p and 21.
7
Let s(h) = h**3 + 5*h**2 + 2*h - 3. Let p be s(-4). Let v be (2 - p)*(-34)/6. What is the greatest common factor of v and 68?
17
Suppose 58 - 61 = -m. What is the highest common factor of 27 and m?
3
Let k(u) = -u**3 - 8*u**2 - 5*u - 35. Let s be k(-8). Calculate the highest common divisor of s and 45.
5
Let h = -948 + 2761. What is the highest common factor of 98 and h?
49
Suppose -2*k - c + 13 = 0, k - 26*c + 11 = -30*c. What is the highest common divisor of 9 and k?
9
Let f be 54/10 - 9/(-15). Suppose 5*y + 3*j = 362, -272 = -4*y - 4*j + 6*j. Let c = y + -28. Calculate the highest common divisor